).
108
Let h(v) = -935*v + 14870. Give h(15).
845
Let g(d) = 2*d**3 + 428*d**2 - 40*d - 8556. Give g(-214).
4
Let h(u) = u**3 + 22*u**2 + 106*u - 54. Give h(-17).
-411
Let f(b) = 7782*b + 116511. Calculate f(-15).
-219
Let x(d) = 1449*d + 4834. Calculate x(-2).
1936
Let s(p) = 2950*p + 17668. Calculate s(-6).
-32
Let p(c) = 2189*c**2 - 3*c + 275. What is p(0)?
275
Let t(y) = -y**3 - 10*y**2 + 935*y + 20. Calculate t(26).
-6
Let p(a) = -2*a**3 + 355*a**2 + 915*a - 700. Give p(180).
2000
Let b(y) = 15*y**2 - 3238*y - 75126. Give b(237).
3
Let k(s) = 5759*s + 149735. What is k(-26)?
1
Let a(u) = 99*u**2 + 6026*u - 407. What is a(-61)?
386
Let a(q) = 1096*q - 59147. Give a(54).
37
Let d(u) = -u**3 - 20*u**2 - 48*u + 119. Calculate d(-16).
-137
Let i(q) = 144*q - 5824. Give i(35).
-784
Let s(z) = 34*z**2 - 171*z - 595. Determine s(-3).
224
Let m(t) = 34*t**2 + 1226*t + 2458. Give m(-34).
78
Let q(m) = m**3 - 36*m**2 - 163*m + 154. What is q(40)?
34
Let q(m) = m**2 + 1079*m - 90249. Give q(78).
-3
Let b(t) = -8*t**2 + 534*t + 9816. Calculate b(-15).
6
Let l(c) = -629*c + 41505. Determine l(66).
-9
Let k(y) = -59*y**2 - 872*y - 109. Give k(-15).
-304
Let r(j) = -100*j + 216. What is r(6)?
-384
Let w(b) = -69849*b + 14319032. Give w(205).
-13
Let j(a) = a**2 + 95*a + 2244. Give j(-30).
294
Let o(k) = 20*k**2 + 855*k - 9371. Give o(11).
2454
Let g(z) = -z**2 + 88*z + 448. Calculate g(68).
1808
Let s(c) = 2*c**3 - 421*c**2 - 2844*c + 4959. Determine s(217).
-32
Let y(q) = q**2 - 690*q + 38150. Determine y(61).
-219
Let v(g) = 23*g**3 - 5*g**2 - 7*g + 3. Calculate v(1).
14
Let x(p) = 4*p**3 + 13*p**2 + 27*p + 223. Give x(-6).
-335
Let m(l) = 185*l + 7830. Determine m(-42).
60
Let m(w) = 8684*w + 4203065. Determine m(-484).
9
Let l(m) = -4*m**2 - 1296*m - 6642. Give l(-5).
-262
Let o(z) = -2*z**3 + 28*z**2 + 806*z - 11735. Calculate o(15).
-95
Let l(b) = -5*b**2 + 1057*b - 33893. Determine l(172).
-9
Let m(x) = -x**2 - 383*x - 30756. Calculate m(-270).
-246
Let v(z) = z**3 - 30*z**2 + 448*z - 14291. Give v(30).
-851
Let n(g) = -548*g**2 + 149*g + 33. Calculate n(-1).
-664
Let n(z) = 2*z**3 - 1946*z**2 + 17387*z - 33748. What is n(964)?
-8
Let u(r) = 682*r - 50134. What is u(73)?
-348
Let z(o) = o**3 - 6*o**2 - 33*o - 21. Determine z(12).
447
Let u(w) = -33*w**3 - 359*w**2 + 25*w - 16. Determine u(-11).
193
Let u(c) = -2519*c - 7648. Determine u(-3).
-91
Let l(z) = -300*z - 70061. What is l(-237)?
1039
Let z(w) = -169*w**3 + 16*w**2 - 24*w. What is z(2)?
-1336
Let l(v) = 140*v + 456. What is l(-11)?
-1084
Let m(q) = 10345*q - 1220702. Calculate m(118).
8
Let m(w) = 7*w**2 + 13297*w - 529219. Give m(39).
11
Let n(z) = -8*z**3 - 503*z**2 + 247*z + 11603. Calculate n(-63).
11
Let t(p) = 6257*p + 588079. Determine t(-94).
-79
Let k(m) = -13*m**2 + 481*m - 3652. What is k(24)?
404
Let m(o) = -o**3 - 27*o**2 - 157*o - 3585. Determine m(-26).
-179
Let t(y) = -2*y**2 - 232*y + 1465. Determine t(-122).
1
Let t(q) = q**3 + 191*q**2 + 1499*q + 6397. Calculate t(-183).
-8
Let t(v) = 781*v - 682601. Give t(874).
-7
Let u(q) = q**3 - 123*q**2 + 757*q - 79083. Determine u(122).
-1613
Let k(n) = -112*n**2 + 428*n + 114. What is k(4)?
34
Let m(q) = -q**3 - 167*q**2 + 9535*q + 192. Calculate m(45).
-33
Let x(b) = -4*b**3 - 7*b**2 - 24*b + 1203. Give x(8).
-1485
Let m(f) = f**3 - 19*f**2 - 511. Determine m(21).
371
Let z(b) = -8*b**2 + 2037*b + 631. Calculate z(255).
-134
Let x(c) = -16*c**2 + 2115*c - 59845. What is x(41)?
-26
Let k(a) = a**3 + 67*a**2 + 304*a + 25292. Give k(-68).
-4
Let u(o) = 276*o + 1137. Give u(-8).
-1071
Let d(o) = -13*o**3 - 236*o**2 - 117*o - 1654. What is d(-18)?
-196
Let z(u) = -u**3 - 7*u**2 - 2*u + 62. What is z(-4)?
22
Let q(t) = -t**3 - 648*t**2 - 3897*t + 10. What is q(-6)?
280
Let o(x) = 304*x**2 + 23290*x - 9082. Determine o(-77).
4
Let h(r) = -201136*r - 46462413. Give h(-231).
3
Let y(i) = -2*i**3 + 39*i**2 + 450*i + 383. Determine y(-8).
303
Let a(g) = -g**3 - 3*g**2 + 700*g - 13. What is a(0)?
-13
Let n(m) = -m**3 - 15*m**2 + 255*m + 37. Calculate n(-25).
-88
Let l(f) = 449*f - 2894. Give l(4).
-1098
Let a(f) = -30*f**2 + 2416*f + 19276. Calculate a(-8).
-1972
Let q(y) = -y**3 + 19*y**2 - 453*y + 3983. Calculate q(10).
353
Let h(i) = i**3 - 10*i**2 - 160*i - 85. What is h(-8)?
43
Let t(j) = 22*j**3 + 64*j**2 - 729*j - 2176. Give t(-3).
-7
Let c(t) = 843*t - 1295. Determine c(2).
391
Let h(l) = -328778*l + 2958975. Give h(9).
-27
Let x(k) = -k**3 + 92*k**2 - 238*k - 1955. Determine x(89).
626
Let o(t) = -211262*t + 2957662. Calculate o(14).
-6
Let t(g) = -452864*g + 2717095. Determine t(6).
-89
Let z(h) = 63*h**3 + 1198*h**2 + 21*h + 192. Determine z(-19).
154
Let s(q) = -q**3 - 49*q**2 - 578*q - 228. Determine s(-31).
392
Let y(v) = -909*v**2 - 203619*v - 863. Give y(-224).
-191
Let l(c) = c**2 - 4127*c + 69857. Give l(17).
-13
Let b(j) = 101886*j + 1426397. What is b(-14)?
-7
Let p(g) = 3*g**2 - 115*g + 1175. Determine p(24).
143
Let p(y) = y**3 + 12*y**2 + 623*y + 4826. Give p(-8).
98
Let n(v) = -3*v**3 - 48*v**2 - 16*v + 442. Give n(-15).
7
Let l(z) = -4*z**3 - 35*z**2 - 143*z + 15. What is l(-4)?
283
Let y(z) = -277*z + 17875. What is y(76)?
-3177
Let i(f) = 4589*f + 289062. Give i(-63).
-45
Let o(b) = 369512*b - 3325609. What is o(9)?
-1
Let t(b) = 173*b + 20301. Give t(-117).
60
Let s(f) = 4872*f + 4964. Give s(-1).
92
Let n(f) = -f**3 + 19*f**2 + 1014*f - 8825. Determine n(8).
-9
Let g(z) = -z**3 - 21*z**2 + 487*z - 2048. What is g(9)?
-95
Let u(q) = 3768*q + 727215. Give u(-193).
-9
Let a(j) = j**2 + 407*j - 802. Give a(0).
-802
Let l(y) = -7522*y - 75104. Determine l(-10).
116
Let d(g) = -207*g**2 - 61903*g - 3074. Calculate d(-299).
-84
Let b(d) = -1801*d + 285. Give b(0).
285
Let t(p) = -1801*p + 15234. Determine t(7).
2627
Let u(o) = 29*o**2 + 8666*o + 7140. Determine u(-298).
-12
Let t(d) = -1279*d + 20484. Calculate t(16).
20
Let b(d) = -105327*d + 210659. Determine b(2).
5
Let q(k) = -7635*k - 68882. Calculate q(-9).
-167
Let r(x) = -42*x + 1532. Give r(42).
-232
Let k(s) = 8773*s + 5088333. Calculate k(-580).
-7
Let m(l) = -l**3 - 249*l**2 + 289*l + 9911. Give m(-250).
161
Let w(o) = 3015*o + 1380870. Calculate w(-458).
0
Let m(s) = -3*s**2 - 160*s - 2259. What is m(-35)?
-334
Let v(u) = -58*u**2 + 4320*u + 30170. Give v(-7).
-2912
Let a(k) = -8805*k - 1963503. Calculate a(-223).
12
Let k(j) = j**3 + 1971*j**2 + 73444*j - 382. Determine k(-38).
-2
Let h(u) = 4533*u - 353603. Calculate h(78).
-29
Let u(q) = q**3 + 19*q**2 + 67*q + 17. Calculate u(-12).
221
Let i(b) = -746*b - 2141. What is i(-4)?
843
Let v(m) = m**3 + 509*m**2 + 24562*m - 3657. Determine v(-455).
-17
Let y(n) = n**3 - 20*n**2 - 9*n - 822. What is y(23)?
558
Let x(u) = -1417238*u - 5668953. Calculate x(-4).
-1
Let u(m) = 824*m - 7821. Give u(12).
2067
Let n(p) = -2*p**2 + 1051*p - 6748. Give n(519).
-1
Let f(m) = 3*m**3 - 30*m**2 - 250*m + 740. Determine f(-7).
-9
Let w(c) = 241*c + 80355. Give w(-333).
102
Let b(m) = -32*m**2 + 338*m + 6578. What is b(-10)?
-2
Let r(q) = -q**3 - 63*q**2 + 706*q + 61. Calculate r(-73).
1813
Let y(c) = -c**3 - 256*c**2 - 9822*c + 810. What is y(-209)?
601
Let r(y) = -2*y**2 + 229*y - 1286. Calculate r(6).
16
Let l(n) = -80*n**2 + 217*n - 10. What is l(4)?
-422
Let q(h) = 15*h**2 + 4662*h - 120529. Calculate q(24).
-1
Let k(y) = -34*y**2 - 300*y + 2136. Give k(5).
-214
Let a(j) = -12215*j - 97712. Calculate a(-8).
8
Let p(a) = -540*a**2 - 51845*a - 474. Give p(-96).
6
Let x(l) = -4*l**3 + 42*l**2 + 198*l + 16. What is x(-4)?
152
Let g(b) = -19*b**2 + 1112*b + 412. Calculate g(59).
-119
Let y(d) = -188*d + 7124. What is y(32)?
1108
Let s(y) = -4*y**2 + 1252*y + 12557. Calculate s(-10).
-363
Let j(n) = 3368*n + 5591. Give j(-3).
-4513
Let p(b) = -173*b**2 + 22834*b + 114. Give p(132).
-150
Let b(q) = -441*q + 2819. Determine b(6).
173
Let y(z) = -z**3 - 266*z**2 + 801*z - 1661. Determine y(-269).
-47
Let w(b) = 18*b**2 - 2128*b + 2579. Give w(117).
5
Let x(f) = f**3 - 172*f**2 - 493*f + 84799. Give x(172).
3
Let h(u) = -827*u - 100028. Determine h(-119).
-1615
Let w(t) = 3983*t - 151046. Calculate w(38).
308
Let h(q) = 2*q**3 + 63*q**2 + 55*q + 2684. Determine h(-32).
-100
Let y(m) = 5*m**3 + 47*m**2 - 301*m - 2. What is 